Let f be 3/((-6)/(-1))*-2 - 221. Let b = 105 + f. Let q = b - -223. List the prime factors of q.
2, 53
What are the prime factors of (-53 - -219)/((-1)/(-40)*2)?
2, 5, 83
Suppose -3*g + 55 = 3*m - 2*g, 3*m - 50 = 4*g. Let t be (-15)/m + 15777/(-54). Let k = 564 + t. What are the prime factors of k?
271
Let y(i) = -4*i + 69. Let l be y(3). Suppose l*f + 4542 = 63*f. List the prime factors of f.
757
Suppose -8 = 4*y, 0*t + 3*t - 5 = -2*y. Let o(s) = 15*s**2 - 2 + 2*s**t - 7 + 3*s + 5 + 3. List the prime factors of o(-6).
89
Let a be 9/(-1)*18/27. Let d(f) = 2*f + 12. Let p be d(a). Suppose p = -4*h - 0*h + 100. List the prime factors of h.
5
Suppose -10*d = 2*y - 7*y + 104670, -4*y + 5*d + 83730 = 0. What are the prime factors of y?
2, 5, 7, 13, 23
Let f(v) = 4*v + 15 - v + 2*v - 4*v. What are the prime factors of f(-6)?
3
Suppose 443*f - 417*f = -26. Let d(m) = 15*m**2 + 2 - 2 - 2*m - 1. What are the prime factors of d(f)?
2
What are the prime factors of (-1 + -120731)*6/(-20) - 2/(-5)?
2, 5, 1811
Suppose 2*y - 13 = 15*y. Let r be ((-1)/10 + y/2)*-5. What are the prime factors of (8/(-6))/(6/(-303 - r))?
2, 17
Suppose -3*y = 2*l - 25, -l + 22 = y + 7. Suppose -j = -l*j + 2223. List the prime factors of j.
3, 13
Let z = 601 - 361. Let i = 373 - z. What are the prime factors of i?
7, 19
Let o(n) = 240*n**2 - 97*n + 190. What are the prime factors of o(15)?
5, 53, 199
Let y(q) = 2*q - 28. Let n be y(17). Suppose 1491 - 289 = 2*t. Suppose -n*w + 359 + t = 0. List the prime factors of w.
2, 5
Let j(f) = 53*f - 163. What are the prime factors of j(34)?
11, 149
Suppose y + 34408 = 5*u, 0 = 5*u + 3*y - 11561 - 22835. What are the prime factors of u?
7, 983
Let i(t) = -4*t**3 - 5*t**2 - t - 4. Let o be 18/(-81) - (-215)/(-45). List the prime factors of i(o).
2, 47
Let j(a) = a**3 - 9*a**2 + a - 9. Let q be j(9). List the prime factors of 1958/22*(q - 2)/(-1).
2, 89
Let i be (-2 - -6 - -8)/(-1). What are the prime factors of 3 - (i/6 + 3356/(-4))?
2, 211
Suppose -8*w = -14*w - 41*w + 488424. List the prime factors of w.
2, 3, 433
Let p(n) = -20*n**3 - 3*n**2 - 78*n - 161. What are the prime factors of p(-8)?
23, 457
Let w(z) = z**2 + 8*z + 11. Let r be w(-7). Let p be (3 - r)*(-1 - -2) - -3. Suppose -a + p = -0. What are the prime factors of a?
2
Let q be (-10)/(-6)*(-57)/(-95). List the prime factors of 2/(-6)*(-490 + q)*2.
2, 163
Suppose -23*b - 55*b = -507624. List the prime factors of b.
2, 1627
Suppose -3*a + 98198 = 5*i, 34*i = 30*i - 5*a + 78548. List the prime factors of i.
2, 7, 23, 61
Let u = -96 + 101. Let o = -303 + 678. Suppose -o = -u*j + 450. List the prime factors of j.
3, 5, 11
Suppose 49*g - 42*g = 0. Suppose -83*r + 85*r - 38 = g. What are the prime factors of (r/(-4))/((-6)/216) - 1?
2, 5, 17
List the prime factors of 16708 - 0*(-4)/(-44).
2, 4177
Let n = -52 - -61. Suppose 0 = -2*y + 37 - n. Suppose y*l - 8*l - 834 = 0. What are the prime factors of l?
139
Let d be (-8 - 60/(-8))*0. Suppose 392*b - 386*b - 8190 = d. What are the prime factors of b?
3, 5, 7, 13
List the prime factors of 26832/2 + ((-26)/(-26) - 0).
13417
Let f(l) = 2*l**3 - 7*l**2 + 15*l - 95. List the prime factors of f(8).
601
Suppose -2689 = 20*w - 29909. List the prime factors of w.
1361
Let j(h) = -7*h**3 - 5*h**2 + 3*h - 2. Let u be j(-4). Suppose -7*y + 633 = -u. List the prime factors of y.
3, 47
Let l be (-5 - (-51)/9)*9. Let c be ((720/14)/6)/(l/105). Suppose -c = -j - p, 6*j - 2*p - 630 = 2*j. What are the prime factors of j?
5, 31
Let f = -11935 - -17617. What are the prime factors of f?
2, 3, 947
Let i(n) = -n**3 - 8*n**2 - 12*n - 56. Let m be i(-8). What are the prime factors of 8/20 - (-53024)/m?
2, 3, 13, 17
Suppose 7*n - 18 = n. Suppose -311 = -n*b + 2*k, 2 = -b - k + 109. What are the prime factors of b?
3, 5, 7
Let k(i) = 9*i - 9. Let z(a) = -6*a + 6. Let f(r) = -5*k(r) - 8*z(r). Let s be f(5). What are the prime factors of (-4)/2*(-186)/s?
31
Suppose 4*i = 28 + 60. Let w = i - 12. What are the prime factors of ((-4)/w)/((-21)/3255)?
2, 31
Suppose 2*s + 6 = -4, 0 = i - s - 5. Suppose i = 6*o - 7120 - 1526. List the prime factors of o.
11, 131
Let f = -239 + 249. Suppose -v + 4*v = -5*m + 2685, 0 = -2*v + f. List the prime factors of m.
2, 3, 89
Suppose -5*c + 66 = 2*d, -5*d = -c - 73 + 70. Let a = 3094 - 1708. Suppose -a = -c*b + b. What are the prime factors of b?
2, 3, 7
Let q be 0 + 712/(-8) - -8. Let y(f) = 42*f - 3. Let l be y(-4). Let n = q - l. List the prime factors of n.
2, 3, 5
Let y be (-8)/64*-44*-2. Let a(t) = 9*t**2 - t + 12. What are the prime factors of a(y)?
2, 139
Suppose -5*p = 3*w - 329 - 105, -5*w + 3*p + 712 = 0. Suppose b - w - 527 = 0. Let u = b + -393. List the prime factors of u.
277
Let k be -72 + (-3)/(0 + -3). Let x = 83 + -237. Let g = k - x. What are the prime factors of g?
83
Let c be 6 + 0 + -4 - (-2 + 2). Suppose -3*d = c*n - 171, -d + 2*d = -5*n + 408. Suppose -2*a + 11*a - n = 0. What are the prime factors of a?
3
Let p be (14/28)/(2/12). Suppose -4*m + p*m + 1 = 0, 3*d + 274 = -5*m. Let t = -12 - d. What are the prime factors of t?
3
Let k(r) = -6*r + 28. Let g be k(-6). Suppose 24 - g = -4*d. Suppose a + 0*a = 2*n - d, -4*a - 10 = 2*n. What are the prime factors of n?
3
Let k be (3*4/18)/((-2)/(-78)). Suppose 5159 = -15*u + k*u. List the prime factors of u.
7, 67
List the prime factors of (-129)/(4 + (180/(-28) - 4) - -6).
7, 43
Suppose -5*j + r + 82876 = 0, -4*j = r - 35594 - 30714. What are the prime factors of j?
2, 7, 37
Let l(r) be the second derivative of 3*r**4/4 - 20*r**3/3 - 3*r**2/2 - 45*r. What are the prime factors of l(5)?
2, 11
Let z(x) = -27*x + 7. Let b be z(1). What are the prime factors of (-5568)/b - 4/10?
2, 139
Let a = -67 + 71. Suppose a*t - 53 = -x, 4*t - x = 34 + 9. List the prime factors of 4*9/t - 9*-13.
2, 3, 5
Let w(h) = 2*h**2 - 15*h - 5. Let j be w(8). Suppose 442 = y - 2*a - 310, -j*y = -5*a - 2261. List the prime factors of y.
2, 3, 127
Suppose 51*k - 110*k + 563686 = 0. List the prime factors of k.
2, 17, 281
Suppose -14*f - 3161 = -10987. Let c = f + 443. What are the prime factors of c?
2, 3, 167
Suppose 147*f + 3*o = 144*f + 18936, -2*f = 3*o - 12627. List the prime factors of f.
3, 701
Let v(d) = -29*d + 7320. What are the prime factors of v(-70)?
2, 5, 11, 17
Suppose 0*l + 2*n = 5*l + 52, -56 = 3*l + 5*n. Let s = 11 - l. List the prime factors of s - 0 - 10/(30/9).
2, 5
Let x(z) = 62*z**2 + 207*z + 2215. What are the prime factors of x(-11)?
2, 3, 5, 31
Let l(n) = n**3 - 13*n**2 - 16*n + 16. Let j be l(14). Let a be (-40)/j*189/2. Suppose 11*t - a = 6*t. What are the prime factors of t?
3, 7
Suppose -5*d = 3*o - 37, 3*d + 3*o + 3 = 30. What are the prime factors of (99/27 - d)/((-4)/18)?
2, 3
Let o(u) = u**3 - u**2 - 34*u + 26. Let b be o(6). Suppose -b*j + 4*r + 39 + 563 = 0, -r + 4 = 0. What are the prime factors of j?
3, 103
Let w be ((-15)/(-10))/((-3)/18). Let c be -3 + 2 + w + 15. Suppose -c*t = -272 - 103. List the prime factors of t.
3, 5
Suppose f = 2*q - 19980, -40*q + 37*q + 3*f + 29964 = 0. List the prime factors of q.
2, 1249
Let d be ((-1)/(-2)*-4 + 7)/1. Suppose 2*p - 3 = -4*j + 7, 0 = -4*p - d*j + 14. What are the prime factors of (7 + -2)*p*(-226)/(-10)?
113
Suppose 2*x + 4 = 0, 3*t + 55*x - 90893 = 50*x. What are the prime factors of t?
157, 193
List the prime factors of (-16408527)/1905*(-5)/1.
43067
Let j = -32 + 42. Suppose -3*y + 2 = x, 0 = -x + 6*x + 2*y - j. Suppose -x*a - 43 = -109. What are the prime factors of a?
3, 11
Let r be (2/6)/(4/70608). Suppose -5*z = -1106 - r. What are the prime factors of z?
2, 3, 233
Suppose -22 = 2*x + 4. Let d(a) = -26*a - 98. What are the prime factors of d(x)?
2, 3, 5
Let x(r) = -79*r**3 + 14*r**2 + 89*r - 22. What are the prime factors of x(-7)?
2, 3, 4523
Suppose 41*r = -17689 + 4282. Let l be (6/4)/(2/(-304)). Let x = l - r. List the prime factors of x.
3, 11
Suppose -4*q + 1671 = 5*m - 6*q, 3*m - 2*q = 1001. Suppose 136*l - 135*l - m = 0. List the prime factors of l.
5, 67
Suppose -20160 = 179*q - 124875. What are the prime factors of q?
3, 5, 13
Let c(r) = -r**3 + 4*r**2 - 3*r. Let t be c(2). Suppose 34 + 24 = t*b. Let o = -25 + b. List the prime factors of o.
2
List the prime factors of (-133464)/(624/(-2